he highest common divisor of 1571831 and 907.
907
What is the greatest common factor of 7271 and 4627?
661
Calculate the highest common divisor of 611 and 208.
13
What is the highest common factor of 47 and 3876184?
47
Calculate the highest common factor of 123 and 233864.
41
What is the greatest common divisor of 21232 and 464?
16
What is the greatest common factor of 20 and 229660?
20
Calculate the highest common divisor of 31 and 395777.
31
Calculate the greatest common factor of 588 and 22197.
147
What is the highest common divisor of 805 and 56?
7
Calculate the greatest common factor of 1092 and 780.
156
Calculate the highest common factor of 500 and 2120500.
500
What is the greatest common factor of 47053 and 211?
211
Calculate the highest common factor of 486382 and 1014.
338
Calculate the greatest common factor of 15 and 146935.
5
What is the highest common divisor of 110683 and 302?
151
Calculate the greatest common factor of 2409 and 13359.
219
What is the highest common factor of 126 and 106078?
14
What is the greatest common divisor of 1372594 and 161?
23
Calculate the highest common factor of 1054204 and 8380.
1676
What is the highest common factor of 24220 and 6335?
35
Calculate the greatest common factor of 32335 and 17617.
223
What is the greatest common factor of 208 and 3408?
16
What is the highest common divisor of 303 and 298253?
101
Calculate the highest common factor of 2990 and 192790.
130
What is the highest common factor of 2079104 and 128?
128
Calculate the greatest common factor of 165 and 7320.
15
Calculate the greatest common factor of 570169 and 29.
29
Calculate the greatest common factor of 2 and 226046.
2
Calculate the highest common factor of 65 and 140465.
65
Calculate the greatest common factor of 15561 and 9.
9
What is the greatest common factor of 422608 and 3897?
433
Calculate the greatest common factor of 129745 and 16555.
385
Calculate the greatest common divisor of 2709 and 175.
7
What is the highest common factor of 26 and 535834?
26
What is the highest common divisor of 1210 and 13090?
110
What is the highest common factor of 12 and 3378?
6
Calculate the greatest common divisor of 2445 and 14507.
163
Calculate the highest common divisor of 429810 and 51.
3
What is the greatest common factor of 1100 and 84986?
22
What is the highest common factor of 165 and 160050?
165
What is the greatest common factor of 648000 and 5832?
648
Calculate the highest common divisor of 7568 and 80.
16
What is the highest common factor of 7 and 573559?
7
Calculate the greatest common factor of 28587 and 377.
13
Calculate the greatest common factor of 196680 and 308.
44
What is the highest common divisor of 848 and 416368?
848
What is the greatest common factor of 17360 and 308?
28
Calculate the highest common factor of 15 and 103035.
15
What is the highest common factor of 20034 and 28?
14
Calculate the highest common divisor of 39 and 676741.
13
Calculate the highest common factor of 14 and 66220.
14
What is the greatest common divisor of 14464 and 24?
8
Calculate the highest common factor of 76 and 1047964.
76
Calculate the greatest common divisor of 1264 and 464.
16
Calculate the greatest common factor of 66 and 75669.
33
Calculate the greatest common factor of 1005242 and 649.
59
Calculate the highest common factor of 3399 and 3124.
11
Calculate the highest common factor of 7104 and 7326.
222
Calculate the greatest common factor of 144 and 11511.
9
What is the highest common divisor of 6440 and 98440?
920
Calculate the highest common divisor of 18 and 52506.
18
What is the greatest common divisor of 2482 and 2261?
17
What is the highest common divisor of 410 and 10000?
10
Calculate the greatest common factor of 92 and 113.
1
Calculate the greatest common divisor of 670 and 4655.
5
Calculate the greatest common factor of 45985 and 15.
5
What is the highest common divisor of 27 and 321939?
9
What is the greatest common factor of 14 and 469?
7
What is the greatest common divisor of 2040 and 6715?
85
Calculate the greatest common divisor of 43 and 2340017.
43
What is the greatest common factor of 91456 and 512?
64
What is the highest common divisor of 21893 and 49?
1
What is the greatest common divisor of 479128 and 39?
13
What is the highest common factor of 682446 and 214?
214
What is the highest common factor of 5175 and 3600?
225
Calculate the highest common factor of 166586 and 1387.
73
Calculate the greatest common divisor of 6975 and 44325.
225
Calculate the greatest common divisor of 183828 and 132.
12
Calculate the highest common factor of 1388 and 20473.
347
What is the highest common divisor of 20690 and 130?
10
What is the greatest common factor of 1460 and 550?
10
What is the greatest common divisor of 46 and 125718?
46
What is the greatest common divisor of 177705 and 165?
165
Calculate the highest common divisor of 27177 and 81.
3
Calculate the greatest common factor of 76042 and 1970.
394
Calculate the highest common factor of 87 and 66120.
87
What is the greatest common divisor of 5120 and 880?
80
Calculate the greatest common factor of 14256 and 4.
4
What is the greatest common divisor of 113142 and 30738?
654
What is the highest common divisor of 60478 and 22?
22
Calculate the highest common divisor of 616 and 793342.
22
Calculate the greatest common divisor of 22032 and 1696.
16
Calculate the highest common factor of 639 and 271717.
71
Calculate the highest common divisor of 5445 and 896247.
1089
What is the highest common divisor of 4522 and 322354?
646
Calculate the greatest common factor of 162 and 126927.
81
Calculate the highest common factor of 112728 and 178608.
1464
What is the greatest common factor of 26575 and 75?
25
What is the greatest common divisor of 245 and 500?
5
What is the highest common factor of 308045 and 15?
5
What is the greatest common divisor of 173117 and 2401?
49
What is the greatest common divisor of 7360 and 141220?
460
Calculate the highest common factor of 270 and 114120.
90
What is the greatest common factor of 1781632 and 32?
32
Calculate the highest common factor of 1776 and 766788.
444
Calculate the greatest common factor of 5943012 and 1896.
948
What is the highest common divisor of 24 and 6306?
6
Calculate the greatest common divisor of 59045 and 1519.
49
What is the greatest common divisor of 4060 and 18?
2
Calculate the highest common factor of 242 and 460042.
242
What is the greatest common divisor of 1232 and 5159?
77
What is the highest common divisor of 86070 and 10?
10
What is the highest common divisor of 85 and 116297?
17
Calculate the greatest common divisor of 33046 and 334273.
1271
What is the highest common factor of 231 and 9955?
11
Calculate the greatest common divisor of 2159 and 105283.
127
Calculate the highest common factor of 6256575 and 9.
9
What is the greatest common divisor of 284235 and 525?
105
What is the greatest common factor of 2436 and 1344?
84
What is the greatest common factor of 48750 and 1482?
78
What is the highest common factor of 5456 and 20119?
341
What is the highest common divisor of 160 and 20380?
20
Calculate the greatest common factor of 508325 and 50.
25
Calculate the highest common divisor of 104 and 388840.
8
Calculate the greatest common factor of 6 and 15999.
3
What is the highest common divisor of 14030 and 879010?
610
What is the highest common divisor of 125 and 34200375?
125
Calculate the highest common factor of 424647 and 261.
261
Calculate the highest common factor of 330 and 39930.
330
Calculate the greatest common factor of 722 and 282568.
38
What is the greatest common divisor of 704 and 5368?
88
Calculate the highest common factor of 408 and 461652.
204
Calculate the highest common factor of 36024 and 1422.
474
Calculate the highest common factor of 600 and 8220.
60
Calculate the highest common factor of 34138 and 832.
26
What is the greatest common factor of 396 and 76274?
22
What is the highest common factor of 22 and 280951?
11
What is the greatest common factor of 152 and 1319132?
76
What is the greatest common factor of 194 and 1193294?
194
What is the highest common divisor of 10 and 528340?
10
Calculate the highest common divisor of 3584 and 1022.
14
What is the highest common divisor of 6132 a